 8, what is -41 - 1?
-42
In base 15, what is -6 + -235?
-23b
In base 4, what is -2 - -301?
233
In base 10, what is -124 + -50?
-174
In base 8, what is -1 + 214?
213
In base 13, what is -5 + 9?
4
In base 12, what is 717 + 5?
720
In base 4, what is 10 - 203?
-133
In base 10, what is -201 + -1?
-202
In base 4, what is 21100 + 0?
21100
In base 13, what is -1 - 11?
-12
In base 6, what is -421 + 4?
-413
In base 7, what is 3 - 133?
-130
In base 7, what is -106 - -1?
-105
In base 16, what is -333 + 1?
-332
In base 5, what is 33 + -2200?
-2112
In base 5, what is -4 + -230?
-234
In base 7, what is 5 + 144?
152
In base 16, what is -a0f7 - -1?
-a0f6
In base 9, what is 4 + 0?
4
In base 15, what is 0 + -123b?
-123b
In base 7, what is 2 - 425?
-423
In base 11, what is a39 - 4?
a35
In base 16, what is 5 - -3?
8
In base 9, what is 3 - -60?
63
In base 11, what is 24a + -15?
235
In base 8, what is 616 - -1?
617
In base 9, what is -872 + -4?
-876
In base 10, what is 361 + -5?
356
In base 11, what is -151 - 2?
-153
In base 11, what is -5084 - 2?
-5086
In base 9, what is -1 + -4772?
-4773
In base 14, what is -d + 17?
8
In base 2, what is 110010000 - 0?
110010000
In base 16, what is 1e + -f?
f
In base 15, what is 30 - 5?
2a
In base 3, what is -122 + -101?
-1000
In base 16, what is -1f0e - 3?
-1f11
In base 8, what is -57 + 3?
-54
In base 15, what is 2 - 7cd?
-7cb
In base 11, what is -64 + -14?
-78
In base 2, what is -100 + 11?
-1
In base 15, what is 45d2 + 2?
45d4
In base 12, what is -5 + -617?
-620
In base 14, what is -4 + -9d?
-a3
In base 6, what is -301 - -53?
-204
In base 3, what is -11 + 1002?
221
In base 6, what is 24 - 253?
-225
In base 9, what is 32 + 24?
56
In base 13, what is a08 + -8?
a00
In base 10, what is -55 - 2?
-57
In base 10, what is 148 + -20?
128
In base 16, what is ae + -2?
ac
In base 5, what is -31 + 124?
43
In base 5, what is -4 + 1433?
1424
In base 2, what is 10011010110 + 10?
10011011000
In base 14, what is 5 - -c2?
c7
In base 12, what is 1aa2 - 0?
1aa2
In base 3, what is 11 - 21010?
-20222
In base 8, what is -1327 + -5?
-1334
In base 12, what is -6bb - 2?
-701
In base 6, what is 230444 - 5?
230435
In base 13, what is c + 8c?
9b
In base 12, what is -81 + -4?
-85
In base 14, what is 266 - 4?
262
In base 6, what is 31 - 12?
15
In base 7, what is 23 - 4?
16
In base 15, what is 6 - -26?
2c
In base 9, what is -7 + -4?
-12
In base 4, what is 1111230 - 3?
1111221
In base 7, what is 0 + 5632?
5632
In base 9, what is 103 - 52?
41
In base 6, what is 24 - 200?
-132
In base 12, what is 39 + -9?
30
In base 5, what is 3023 + 21?
3044
In base 7, what is -13 - -3?
-10
In base 12, what is -24 + 6?
-1a
In base 7, what is -10 + 6?
-1
In base 3, what is -12 + -20201?
-20220
In base 7, what is -21 + 10?
-11
In base 4, what is 2 + -3113?
-3111
In base 15, what is -31 - 3?
-34
In base 10, what is -171 + 4?
-167
In base 5, what is 10 - -2100?
2110
In base 10, what is -252 - 5?
-257
In base 4, what is -23 - -102?
13
In base 2, what is -100 - 10010?
-10110
In base 12, what is -3 + 525?
522
In base 2, what is -101 + -110?
-1011
In base 2, what is -101101101000 - 100?
-101101101100
In base 15, what is 1c - -20?
3c
In base 12, what is -858 - 1?
-859
In base 2, what is 101010 - -1100011?
10001101
In base 6, what is -154 - -24?
-130
In base 7, what is 20 - 1?
16
In base 5, what is 0 + 3232?
3232
In base 6, what is 0 + 1024?
1024
In base 15, what is 0 - 19?
-19
In base 12, what is 5 + 915?
91a
In base 14, what is 119 + 8?
123
In base 12, what is 5 + -7?
-2
In base 8, what is -1115 - 4?
-1121
In base 11, what is 3 - 543?
-540
In base 14, what is 5 + -32?
-2b
In base 5, what is -12221 - 2?
-12223
In base 13, what is -1313 - -1?
-1312
In base 15, what is 3 + 12c?
130
In base 7, what is -4 + 1?
-3
In base 13, what is 4 + -a29?
-a25
In base 2, what is -10000011001 + 1?
-10000011000
In base 13, what is 76 + -4?
72
In base 3, what is 1 + -22022?
-22021
In base 4, what is -13223 - 10?
-13233
In base 2, what is 100011 + -11001?
1010
In base 15, what is -2 - -123?
121
In base 4, what is 202200 - -2?
202202
In base 4, what is -10 - 31?
-101
In base 16, what is -12c1 + 5?
-12bc
In base 8, what is 115 - 4?
111
In base 6, what is -2045 + -103?
-2152
In base 3, what is -1002122110 - -2?
-1002122101
In base 13, what is -140 - -4?
-139
In base 7, what is 212 + 11?
223
In base 8, what is -273 + 3?
-270
In base 14, what is 1c0b - -2?
1c0d
In base 11, what is 4 - -a64?
a68
In base 10, what is 34 + -6?
28
In base 13, what is -3 - 6a?
-70
In base 14, what is 144 - 5?
13d
In base 7, what is 510 - 1?
506
In base 14, what is 10 + -40?
-30
In base 5, what is 31222 + -2?
31220
In base 2, what is 1100001 + 1000?
1101001
In base 4, what is -233 - -22?
-211
In base 2, what is -100 - -100110001101?
100110001001
In base 10, what is 29 - -9?
38
In base 9, what is 20 - 5?
14
In base 10, what is 10 - 1513?
-1503
In base 11, what is a + -23?
-14
In base 14, what is -35 + -4?
-39
In base 9, what is -3 + -62?
-65
In base 2, what is -1 + -110000?
-110001
In base 14, what is -4 + -492?
-496
In base 11, what is 105 + 1?
106
In base 8, what is 50 + 1?
51
In base 6, what is 3 - 3434?
-3431
In base 11, what is 157 - 0?
157
In base 15, what is 95 - 2?
93
In base 4, what is 3 + 3320?
3323
In base 11, what is -276 - 22?
-298
In base 10, what is 688 + 3?
691
In base 8, what is -13 - -24?
11
In base 4, what is 2 - -11322?
11330
In base 15, what is 12 - 10?
2
In base 8, what is 75 - 476?
-401
In base 6, what is 230 + 40?
310
In base 8, what is -2053 - -4?
-2047
In base 3, what is 12 + 211110?
211122
In base 3, what is 12002011 + 1?
12002012
In base 14, what is -2 - 18?
-1a
In base 7, what is -620 - -4?
-613
In base 7, what is -4544 + 3?
-4541
In base 5, what is 10 - 1314?
-1304
In base 9, what is -4 + 3054?
3050
In base 8, what is 1352 + 7?
1361
In base 15, what is -14be - -2?
-14bc
In base 16, what is -14 + 5?
-f
In base 8, what is -42 - 50?
-112
In base 5, what is 10022 - -14?
10041
In base 8, what is -1100 - 100?
-1200
In base 15, what is -6 + 299?
293
In base 3, what is -20202 + 110?
-20022
In base 10, what is -12 + -8?
-20
In base 2, what is 101 - -1000101?
1001010
In base 6, what is -3243 - -2?
-3241
In base 15, what is 3 - c?
-9
In base 6, what is 4 - -30?
34
In base 15, what is -229 - -5?
-224
In base 8, what is -3 + 416?
413
In base 16, what is -14 + 3?
-11
In base 8, what is 1514 - -6?
1522
In base 9, what is 34 - -22?
56
In base 15, what is 28 - -14?
3c
In base 12, what is 5910 - -1?
5911
In base 11, what is -20 + 4a?
2a
In base 8, what is 0 + 36?
36
In base 5, what is 21 - 4?
12
In base 7, what is 2240 + -12?
2225
In base 5, what is 432 + 1041?
2023
In base 15, what is 4 + 2b?
30
In base 9, what is 31 + 0?
31
In base 4, what is 3 - -1132?
1201
In base 2, what is 1100001 + -11?
1011110
In base 11, what is -a9 - -4?
-a5
In base 4, what is -322 - 11?
-333
In base 5, what is -3223 - 4?
-3232
In base 15, what is 16 - 1c?
-6
In base 6, what is 2 - -25?
31
In base 14, what is -3 - -31?
2c
In base 5, what is -1 + -12204?
-12210
In base 14, what is -3 + -46?
-49
In base 4, what is -13031120 - -1?
-13031113
In base 8, what is 4675 - 1?
4674
In base 3, what is -1102 + 12?
-1020
In base 10, what is 3 + 3023?
3026
In base 2, what is -101 + 100100?
11111
In base 11, what is 0 + -a?
-a
In base 6, what is -44 + -10?
-54
In base 4, what is 2 - 20?
-12
In base 16, what is -25 - -9?
-1c
In base 8, what is 5 + 152?
157
In base 4, what is 100 + -1133?
-1033
In base 9, what is -18 + -12?
-31
In base 4, what is 213030 + 11?
213101
In base 3, what is 1001 - -2120?
10121
In base 4, what is 3 - 10223?
-10220
In base 6, what is 10 - -230?
240
In base 12, what is -422 + -4?
-426
In base 10, what is 97 + 27?
124
In base 4, what is -2311 + -321?
-3232
In base 4, what is 3102 + 101?
3203
In base 11, what is -89 - -14?
-75
In base 2, what is -101 - 100110?
-101011
In base 10, what is -7 - -15?
8
In base 6, what is -10 - -1355?
1345
In base 6, what is 2 + 101?
103
In base 4, what is 3031 + -1?
3030
In base 9, what is 244 + -128?
115
In base 2, what is -10011010101 + 10?
-10011010011
In base 3, what is 111200111 + -11?
111200100
In base 16, what is f4 - -37?
12b
In base 9, what is -2 + 1?
-1
In base 3, what is 21 + -2000?
-1202
In base 4, 